{"id":10,"date":"2022-04-12T14:01:08","date_gmt":"2022-04-12T12:01:08","guid":{"rendered":"http:\/\/miechucino.pl\/?page_id=10"},"modified":"2022-04-15T08:03:41","modified_gmt":"2022-04-15T06:03:41","slug":"kontakt","status":"publish","type":"page","link":"https:\/\/miechucino.pl\/index.php\/kontakt\/","title":{"rendered":"Kontakt"},"content":{"rendered":"\n<p><strong>Adres:<\/strong><br>ul. Kartuska 2b<br>83-334 Miechucino<\/p>\n\n\n\n<p><strong>NIP:  589-132-70-23<\/strong><\/p>\n\n\n\n<p><strong>Nr konta bankowego : <\/strong><br>33 8351 0003 0018 5808 2000 0010<\/p>\n\n\n\n<p>e-mail: <a href=\"mailto:jjanczyk@wp.pl\">jjanczyk@wp.pl<\/a><\/p>\n\n\n\n<p>tel: <a href=\"tel:+48 607 607 289\">+48 607 607 289<\/a><\/p>\n\n\n\n<h2 class=\"wp-block-heading\">Godziny otwarcia:<\/h2>\n\n\n\n<p>Poniedzia\u0142ek: 9:00 &#8211; 17:00 <br>Wtorek: 9:00 &#8211; 17:00 <br>\u015aroda: 9:00 &#8211; 17:00 <br>Czwartek: 9:00 &#8211; 17:00 <br>Pi\u0105tek: 9:00 &#8211; 17:00 <br>Sobota: 9:00 &#8211; 14:00<\/p>\n","protected":false},"excerpt":{"rendered":"<p>Adres:ul. Kartuska 2b83-334 Miechucino NIP: 589-132-70-23 Nr konta bankowego : 33 8351 0003 0018 5808 2000 0010 e-mail: jjanczyk@wp.pl tel: +48 607 607 289 Godziny otwarcia: Poniedzia\u0142ek: 9:00 &#8211; 17:00 Wtorek: 9:00 &#8211; 17:00 \u015aroda: 9:00 &#8211; 17:00 Czwartek: 9:00 &#8211; 17:00 Pi\u0105tek: 9:00 &#8211; 17:00 Sobota: 9:00 &#8211; 14:00<\/p>\n","protected":false},"author":1,"featured_media":40,"parent":0,"menu_order":0,"comment_status":"closed","ping_status":"closed","template":"","meta":{"footnotes":""},"class_list":["post-10","page","type-page","status-publish","has-post-thumbnail","hentry"],"_links":{"self":[{"href":"https:\/\/miechucino.pl\/index.php\/wp-json\/wp\/v2\/pages\/10","targetHints":{"allow":["GET"]}}],"collection":[{"href":"https:\/\/miechucino.pl\/index.php\/wp-json\/wp\/v2\/pages"}],"about":[{"href":"https:\/\/miechucino.pl\/index.php\/wp-json\/wp\/v2\/types\/page"}],"author":[{"embeddable":true,"href":"https:\/\/miechucino.pl\/index.php\/wp-json\/wp\/v2\/users\/1"}],"replies":[{"embeddable":true,"href":"https:\/\/miechucino.pl\/index.php\/wp-json\/wp\/v2\/comments?post=10"}],"version-history":[{"count":5,"href":"https:\/\/miechucino.pl\/index.php\/wp-json\/wp\/v2\/pages\/10\/revisions"}],"predecessor-version":[{"id":80,"href":"https:\/\/miechucino.pl\/index.php\/wp-json\/wp\/v2\/pages\/10\/revisions\/80"}],"wp:featuredmedia":[{"embeddable":true,"href":"https:\/\/miechucino.pl\/index.php\/wp-json\/wp\/v2\/media\/40"}],"wp:attachment":[{"href":"https:\/\/miechucino.pl\/index.php\/wp-json\/wp\/v2\/media?parent=10"}],"curies":[{"name":"wp","href":"https:\/\/api.w.org\/{rel}","templated":true}]}}